{"id":1003,"date":"2026-07-27T14:45:56","date_gmt":"2026-07-27T19:45:56","guid":{"rendered":"https:\/\/staadhome.com\/inicio\/"},"modified":"2026-08-29T14:44:02","modified_gmt":"2026-08-29T19:44:02","slug":"inicio","status":"publish","type":"page","link":"https:\/\/staadhome.com\/en\/","title":{"rendered":"Inicio"},"content":{"rendered":"","protected":false},"excerpt":{"rendered":"","protected":false},"author":1,"featured_media":0,"parent":0,"menu_order":0,"comment_status":"closed","ping_status":"closed","template":"","meta":{"_acf_changed":false,"footnotes":""},"class_list":["post-1003","page","type-page","status-publish","hentry"],"acf":{"aviso_activo":true,"aviso_texto":"","aviso_nota":"","aviso_enlace":"","banner_tokyo":{"imagen_pc":1367,"video_pc":0,"imagen_mobile":1385,"video_mobile":0,"imagen_interna":"","encuadre_mobile":"50%","titulo":"","subtitulo":""},"banner_new_york":{"imagen_pc":1368,"video_pc":0,"imagen_mobile":1386,"video_mobile":0,"imagen_interna":"","encuadre_mobile":"50%","titulo":"","subtitulo":""},"banner_sao_paulo":{"imagen_pc":1300,"video_pc":"","imagen_mobile":1301,"video_mobile":"","imagen_interna":"","encuadre_mobile":"50%","titulo":"","subtitulo":""},"banner_istanbul":{"imagen_pc":1303,"video_pc":"","imagen_mobile":1304,"video_mobile":"","imagen_interna":"","encuadre_mobile":"50%","titulo":"","subtitulo":""},"banner_paris":{"imagen_pc":1369,"video_pc":0,"imagen_mobile":1387,"video_mobile":0,"imagen_interna":"","encuadre_mobile":"50%","titulo":"","subtitulo":""},"universo_titulo":"","universo_intro":"","universo_mobiliario":{"img":"","label":""},"universo_cristaleria":{"img":"","label":""},"universo_libros":{"img":"","label":""},"intro_imagen_pc":"","intro_imagen_mobile":"","intro_cabecera_oscura":false,"manifiesto_foto":"","manifiesto_titulo":"Bajo la mirada creativa de Fernanda Stadler, nace STAAD HOME","manifiesto_p1":"La arquitectura, el dise\u00f1o y el arte han acompa\u00f1ado a Fernanda desde siempre. Una sensibilidad heredada de sus ra\u00edces europeas y brasile\u00f1as, enriquecida por m\u00e1s de 30 a\u00f1os de trayectoria y una vida construida entre nueve pa\u00edses, culturas y distintas formas de habitar.","manifiesto_p2":"Esa mirada internacional \u2014formada entre proyectos, viajes, ferias internacionales y un v\u00ednculo permanente con el dise\u00f1o\u2014 dio origen a una manera muy personal de entender la casa: espacios donde la belleza convive con la calidez, los objetos tienen significado y cada elecci\u00f3n responde a una forma de vivir.<\/p><p class=\"manifiesto__p\">De esa historia nace STAAD Home: una casa donde mobiliario, arte, materiales y objetos cuidadosamente seleccionados se encuentran para crear interiores con identidad, sofisticaci\u00f3n y permanencia.<\/p><p class=\"manifiesto__p\">M\u00e1s que una tienda, STAAD Home es una mirada sobre el arte de vivir.","manifiesto_p3":"","manifiesto_p4":"","popup_activo":true,"popup_imagen":1402,"popup_titulo":"","popup_texto":"","popup_codigo":"FERIA30","popup_nota":""},"_links":{"self":[{"href":"https:\/\/staadhome.com\/en\/wp-json\/wp\/v2\/pages\/1003","targetHints":{"allow":["GET"]}}],"collection":[{"href":"https:\/\/staadhome.com\/en\/wp-json\/wp\/v2\/pages"}],"about":[{"href":"https:\/\/staadhome.com\/en\/wp-json\/wp\/v2\/types\/page"}],"author":[{"embeddable":true,"href":"https:\/\/staadhome.com\/en\/wp-json\/wp\/v2\/users\/1"}],"replies":[{"embeddable":true,"href":"https:\/\/staadhome.com\/en\/wp-json\/wp\/v2\/comments?post=1003"}],"version-history":[{"count":8,"href":"https:\/\/staadhome.com\/en\/wp-json\/wp\/v2\/pages\/1003\/revisions"}],"predecessor-version":[{"id":1403,"href":"https:\/\/staadhome.com\/en\/wp-json\/wp\/v2\/pages\/1003\/revisions\/1403"}],"wp:attachment":[{"href":"https:\/\/staadhome.com\/en\/wp-json\/wp\/v2\/media?parent=1003"}],"curies":[{"name":"wp","href":"https:\/\/api.w.org\/{rel}","templated":true}]}}

La arquitectura, el diseño y el arte han acompañado a Fernanda desde siempre. Una sensibilidad heredada de sus raíces europeas y brasileñas, enriquecida por más de 30 años de trayectoria y una vida construida entre nueve países, culturas y distintas formas de habitar.

Esa mirada internacional —formada entre proyectos, viajes, ferias internacionales y un vínculo permanente con el diseño— dio origen a una manera muy personal de entender la casa: espacios donde la belleza convive con la calidez, los objetos tienen significado y cada elección responde a una forma de vivir.</p><p class="manifiesto__p">De esa historia nace STAAD Home: una casa donde mobiliario, arte, materiales y objetos cuidadosamente seleccionados se encuentran para crear interiores con identidad, sofisticación y permanencia.</p><p class="manifiesto__p">Más que una tienda, STAAD Home es una mirada sobre el arte de vivir.
