{"id":267,"date":"2026-06-09T21:25:42","date_gmt":"2026-06-10T02:25:42","guid":{"rendered":"https:\/\/staadhome.com\/product\/jarron-de-vidrio-soplado-ambar-pequeno\/"},"modified":"2026-08-12T14:34:48","modified_gmt":"2026-08-12T19:34:48","slug":"jarron-de-vidrio-soplado-ambar-pequeno","status":"publish","type":"product","link":"https:\/\/staadhome.com\/en\/product\/jarron-de-vidrio-soplado-ambar-pequeno\/","title":{"rendered":"Jarr\u00f3n de Vidrio soplado \u00c1mbar \u2014 Peque\u00f1o"},"content":{"rendered":"<p>Jarr\u00f3n de vidrio soplado en \u00e1mbar. Es el color que mejor trabaja con la luz de tarde: atraviesa el vidrio y deja una mancha c\u00e1lida sobre la superficie donde se apoya. Soplado a mano. Mide 15 \u00d7 10 \u00d7 24 cm y pesa 4,3 kg.<\/p>","protected":false},"excerpt":{"rendered":"<p>Jarr\u00f3n de vidrio soplado \u00e1mbar, del formato peque\u00f1o de la familia.<\/p>","protected":false},"featured_media":328,"comment_status":"open","ping_status":"closed","template":"","meta":{"_acf_changed":false},"product_brand":[],"product_cat":[113,114],"product_tag":[69,117,118,116,68],"coleccion":[],"class_list":["post-267","product","type-product","status-publish","has-post-thumbnail","product_cat-cristaleria","product_cat-jarrones","product_tag-ambar","product_tag-centro-de-mesa","product_tag-hecho-a-mano","product_tag-jarron","product_tag-vidrio-soplado","first","instock","shipping-taxable","purchasable","product-type-simple"],"acf":[],"_links":{"self":[{"href":"https:\/\/staadhome.com\/en\/wp-json\/wp\/v2\/product\/267","targetHints":{"allow":["GET"]}}],"collection":[{"href":"https:\/\/staadhome.com\/en\/wp-json\/wp\/v2\/product"}],"about":[{"href":"https:\/\/staadhome.com\/en\/wp-json\/wp\/v2\/types\/product"}],"replies":[{"embeddable":true,"href":"https:\/\/staadhome.com\/en\/wp-json\/wp\/v2\/comments?post=267"}],"wp:featuredmedia":[{"embeddable":true,"href":"https:\/\/staadhome.com\/en\/wp-json\/wp\/v2\/media\/328"}],"wp:attachment":[{"href":"https:\/\/staadhome.com\/en\/wp-json\/wp\/v2\/media?parent=267"}],"wp:term":[{"taxonomy":"product_brand","embeddable":true,"href":"https:\/\/staadhome.com\/en\/wp-json\/wp\/v2\/product_brand?post=267"},{"taxonomy":"product_cat","embeddable":true,"href":"https:\/\/staadhome.com\/en\/wp-json\/wp\/v2\/product_cat?post=267"},{"taxonomy":"product_tag","embeddable":true,"href":"https:\/\/staadhome.com\/en\/wp-json\/wp\/v2\/product_tag?post=267"},{"taxonomy":"coleccion","embeddable":true,"href":"https:\/\/staadhome.com\/en\/wp-json\/wp\/v2\/coleccion?post=267"}],"curies":[{"name":"wp","href":"https:\/\/api.w.org\/{rel}","templated":true}]}}

Jarrón de Vidrio soplado Ámbar — Pequeño

<p>Jarrón de vidrio soplado en ámbar. Es el color que mejor trabaja con la luz de tarde: atraviesa el vidrio y deja una mancha cálida sobre la superficie donde se apoya. Soplado a mano. Mide 15 × 10 × 24 cm y pesa 4,3 kg.</p>

<p>Jarrón de vidrio soplado ámbar, del formato pequeño de la familia.</p>
